{"id":145,"date":"2019-03-24T13:20:16","date_gmt":"2019-03-24T12:20:16","guid":{"rendered":"http:\/\/carinlevine.de\/wordpress\/?page_id=145"},"modified":"2019-03-29T20:54:59","modified_gmt":"2019-03-29T19:54:59","slug":"145-2","status":"publish","type":"page","link":"https:\/\/carinlevine.de\/wordpress\/145-2\/","title":{"rendered":"Dialogues (2006)"},"content":{"rendered":"<style type=\"text\/css\">\n#foogallery-gallery-151 .fg-image { width: 150px; }\n#foogallery-gallery-151 { --fg-gutter: 10px; }<\/style>\n\t\t\t<div class=\"foogallery foogallery-container foogallery-default foogallery-lightbox-foobox fg-center fg-default fg-ready fg-light fg-border-thin fg-shadow-outline fg-loading-default fg-loaded-fade-in fg-caption-hover fg-hover-fade fg-hover-zoom\" id=\"foogallery-gallery-151\" data-foogallery=\"{&quot;item&quot;:{&quot;showCaptionTitle&quot;:true,&quot;showCaptionDescription&quot;:true},&quot;lazy&quot;:true}\" style=\"--fg-title-line-clamp: 0; --fg-description-line-clamp: 0;\" >\n\t<div class=\"fg-item fg-type-image fg-idle\"><figure class=\"fg-item-inner\"><a href=\"https:\/\/carinlevine.de\/wordpress\/wp-content\/uploads\/2019\/03\/carindialogues02.jpg\" data-attachment-id=\"150\" data-type=\"image\" class=\"fg-thumb\"><span class=\"fg-image-wrap\"><img width=\"150\" height=\"150\" class=\"skip-lazy fg-image\" data-src-fg=\"https:\/\/carinlevine.de\/wordpress\/wp-content\/uploads\/cache\/2019\/03\/carindialogues02\/2415333114.jpg\" src=\"data:image\/svg+xml,%3Csvg%20xmlns%3D%22http%3A%2F%2Fwww.w3.org%2F2000%2Fsvg%22%20width%3D%22150%22%20height%3D%22150%22%20viewBox%3D%220%200%20150%20150%22%3E%3C%2Fsvg%3E\" loading=\"eager\"><\/span><span class=\"fg-image-overlay\"><\/span><\/a><\/figure><div class=\"fg-loader\"><\/div><\/div><\/div>\n<style type=\"text\/css\">#foogallery-gallery-151 {text-align: left; }<\/style>\n<hr \/>\n<p>Dialogues &#8211; 2006<br \/>\nCarin Levine, Flutes<br \/>\nStefan Blum, Percussion<\/p>\n<p>Carin Levine<br \/>\nmusicaphon<br \/>\nM 55715<br \/>\ninfo@musicaphon.de<br \/>\n<a href=\"http:\/\/www.musicaphon.de\" target=\"_blank\" rel=\"noopener noreferrer\">www.musicaphon.de<\/a><\/p>\n<p><strong>Valerio Sannicandro<\/strong><br \/>\nEpistolae III<br \/>\nfor bass flute, percussion and live electronics<br \/>\n16:09<\/p>\n<!--[if lt IE 9]><script>document.createElement('audio');<\/script><![endif]-->\n<audio class=\"wp-audio-shortcode\" id=\"audio-145-1\" preload=\"none\" style=\"width: 100%;\" controls=\"controls\"><source type=\"audio\/mpeg\" src=\"http:\/\/carinlevine.de\/wordpress\/wp-content\/uploads\/2019\/03\/01s-epistolae-iii.mp3?_=1\" \/><a href=\"http:\/\/carinlevine.de\/wordpress\/wp-content\/uploads\/2019\/03\/01s-epistolae-iii.mp3\">http:\/\/carinlevine.de\/wordpress\/wp-content\/uploads\/2019\/03\/01s-epistolae-iii.mp3<\/a><\/audio>\n<p><strong>Isabel Mundry<\/strong><br \/>\nKomposition f\u00fcr Fl\u00f6te und Schlagzeug<br \/>\n7:41<\/p>\n<audio class=\"wp-audio-shortcode\" id=\"audio-145-2\" preload=\"none\" style=\"width: 100%;\" controls=\"controls\"><source type=\"audio\/mpeg\" src=\"http:\/\/carinlevine.de\/wordpress\/wp-content\/uploads\/2019\/03\/02s-komposition.mp3?_=2\" \/><a href=\"http:\/\/carinlevine.de\/wordpress\/wp-content\/uploads\/2019\/03\/02s-komposition.mp3\">http:\/\/carinlevine.de\/wordpress\/wp-content\/uploads\/2019\/03\/02s-komposition.mp3<\/a><\/audio>\n<p><strong>Annette Schl\u00fcnz<\/strong><br \/>\n\u201eLa faulx de l\u00b4\u00e9t\u00e9\u201c for flute and percussion<br \/>\n11:01<\/p>\n<p><strong>Laurie Schwartz<\/strong><br \/>\n\u201eThe Stories\u201c for bass flute and percussion<br \/>\n7:33<\/p>\n<p><strong>Christoph Reiserer<\/strong><br \/>\n\u201eDifferenzen\u201c f\u00fcr Fl\u00f6te, Vibraphon und Elektronik<br \/>\n10:18<\/p>\n<p><strong>Beat Furrer<\/strong><br \/>\n\u201eauf t\u00f6nernen f\u00fcssen\u201c f\u00fcr Stimme und Fl\u00f6te<br \/>\n10:19<\/p>\n<audio class=\"wp-audio-shortcode\" id=\"audio-145-3\" preload=\"none\" style=\"width: 100%;\" controls=\"controls\"><source type=\"audio\/mpeg\" src=\"http:\/\/carinlevine.de\/wordpress\/wp-content\/uploads\/2019\/03\/06s-auf-toenernen-fuessen.mp3?_=3\" \/><a href=\"http:\/\/carinlevine.de\/wordpress\/wp-content\/uploads\/2019\/03\/06s-auf-toenernen-fuessen.mp3\">http:\/\/carinlevine.de\/wordpress\/wp-content\/uploads\/2019\/03\/06s-auf-toenernen-fuessen.mp3<\/a><\/audio>\n<p><strong>Josef Anton Riedel<\/strong><br \/>\n\u201ein sicht bekommen\u201c f\u00fcr Fl\u00f6ten und Schlagzeug<br \/>\n10:02<\/p>\n","protected":false},"excerpt":{"rendered":"<p>Dialogues &#8211; 2006 Carin Levine, Flutes Stefan Blum, Percussion Carin Levine musicaphon M 55715 info@musicaphon.de www.musicaphon.de Valerio Sannicandro Epistolae III for bass flute, percussion and live electronics 16:09 Isabel Mundry Komposition f\u00fcr Fl\u00f6te und Schlagzeug 7:41 Annette Schl\u00fcnz \u201eLa faulx de l\u00b4\u00e9t\u00e9\u201c for flute and percussion 11:01 Laurie Schwartz \u201eThe Stories\u201c for bass flute and &hellip; <\/p>\n<p class=\"link-more\"><a href=\"https:\/\/carinlevine.de\/wordpress\/145-2\/\" class=\"more-link\"><span class=\"screen-reader-text\">\u201eDialogues (2006)\u201c <\/span>weiterlesen<\/a><\/p>\n","protected":false},"author":1,"featured_media":0,"parent":0,"menu_order":0,"comment_status":"closed","ping_status":"closed","template":"","meta":[],"_links":{"self":[{"href":"https:\/\/carinlevine.de\/wordpress\/wp-json\/wp\/v2\/pages\/145"}],"collection":[{"href":"https:\/\/carinlevine.de\/wordpress\/wp-json\/wp\/v2\/pages"}],"about":[{"href":"https:\/\/carinlevine.de\/wordpress\/wp-json\/wp\/v2\/types\/page"}],"author":[{"embeddable":true,"href":"https:\/\/carinlevine.de\/wordpress\/wp-json\/wp\/v2\/users\/1"}],"replies":[{"embeddable":true,"href":"https:\/\/carinlevine.de\/wordpress\/wp-json\/wp\/v2\/comments?post=145"}],"version-history":[{"count":6,"href":"https:\/\/carinlevine.de\/wordpress\/wp-json\/wp\/v2\/pages\/145\/revisions"}],"predecessor-version":[{"id":535,"href":"https:\/\/carinlevine.de\/wordpress\/wp-json\/wp\/v2\/pages\/145\/revisions\/535"}],"wp:attachment":[{"href":"https:\/\/carinlevine.de\/wordpress\/wp-json\/wp\/v2\/media?parent=145"}],"curies":[{"name":"wp","href":"https:\/\/api.w.org\/{rel}","templated":true}]}}

<style type="text/css">
#foogallery-gallery-151 .fg-image { width: 150px; }
#foogallery-gallery-151 { --fg-gutter: 10px; }</style>
			<div class="foogallery foogallery-container foogallery-default foogallery-lightbox-foobox fg-center fg-default fg-ready fg-light fg-border-thin fg-shadow-outline fg-loading-default fg-loaded-fade-in fg-caption-hover fg-hover-fade fg-hover-zoom" id="foogallery-gallery-151" data-foogallery="{&quot;item&quot;:{&quot;showCaptionTitle&quot;:true,&quot;showCaptionDescription&quot;:true},&quot;lazy&quot;:true}" style="--fg-title-line-clamp: 0; --fg-description-line-clamp: 0;" >
	<div class="fg-item fg-type-image fg-idle"><figure class="fg-item-inner"><a href="https://carinlevine.de/wordpress/wp-content/uploads/2019/03/carindialogues02.jpg" data-attachment-id="150" data-type="image" class="fg-thumb"><span class="fg-image-wrap"><img width="150" height="150" class="skip-lazy fg-image" data-src-fg="https://carinlevine.de/wordpress/wp-content/uploads/cache/2019/03/carindialogues02/2415333114.jpg" src="data:image/svg+xml,%3Csvg%20xmlns%3D%22http%3A%2F%2Fwww.w3.org%2F2000%2Fsvg%22%20width%3D%22150%22%20height%3D%22150%22%20viewBox%3D%220%200%20150%20150%22%3E%3C%2Fsvg%3E" loading="eager"></span><span class="fg-image-overlay"></span></a></figure><div class="fg-loader"></div></div></div>
<style type="text/css">#foogallery-gallery-151 {text-align: left; }</style>
<hr />
<p>Dialogues &#8211; 2006<br />
Carin Levine, Flutes<br />
Stefan Blum, Percussion</p>
<p>Carin Levine<br />
musicaphon<br />
M 55715<br />
info@musicaphon.de<br />
<a href="http://www.musicaphon.de" target="_blank" rel="noopener noreferrer">www.musicaphon.de</a></p>
<p><strong>Valerio Sannicandro</strong><br />
Epistolae III<br />
for bass flute, percussion and live electronics<br />
16:09</p>
<!--[if lt IE 9]><script>document.createElement('audio');</script><![endif]-->
<audio class="wp-audio-shortcode" id="audio-145-1" preload="none" style="width: 100%;" controls="controls"><source type="audio/mpeg" src="http://carinlevine.de/wordpress/wp-content/uploads/2019/03/01s-epistolae-iii.mp3?_=1" /><a href="http://carinlevine.de/wordpress/wp-content/uploads/2019/03/01s-epistolae-iii.mp3">http://carinlevine.de/wordpress/wp-content/uploads/2019/03/01s-epistolae-iii.mp3</a></audio>
<p><strong>Isabel Mundry</strong><br />
Komposition für Flöte und Schlagzeug<br />
7:41</p>
<audio class="wp-audio-shortcode" id="audio-145-2" preload="none" style="width: 100%;" controls="controls"><source type="audio/mpeg" src="http://carinlevine.de/wordpress/wp-content/uploads/2019/03/02s-komposition.mp3?_=2" /><a href="http://carinlevine.de/wordpress/wp-content/uploads/2019/03/02s-komposition.mp3">http://carinlevine.de/wordpress/wp-content/uploads/2019/03/02s-komposition.mp3</a></audio>
<p><strong>Annette Schlünz</strong><br />
„La faulx de l´été“ for flute and percussion<br />
11:01</p>
<p><strong>Laurie Schwartz</strong><br />
„The Stories“ for bass flute and percussion<br />
7:33</p>
<p><strong>Christoph Reiserer</strong><br />
„Differenzen“ für Flöte, Vibraphon und Elektronik<br />
10:18</p>
<p><strong>Beat Furrer</strong><br />
„auf tönernen füssen“ für Stimme und Flöte<br />
10:19</p>
<audio class="wp-audio-shortcode" id="audio-145-3" preload="none" style="width: 100%;" controls="controls"><source type="audio/mpeg" src="http://carinlevine.de/wordpress/wp-content/uploads/2019/03/06s-auf-toenernen-fuessen.mp3?_=3" /><a href="http://carinlevine.de/wordpress/wp-content/uploads/2019/03/06s-auf-toenernen-fuessen.mp3">http://carinlevine.de/wordpress/wp-content/uploads/2019/03/06s-auf-toenernen-fuessen.mp3</a></audio>
<p><strong>Josef Anton Riedel</strong><br />
„in sicht bekommen“ für Flöten und Schlagzeug<br />
10:02</p>

<p>Dialogues &#8211; 2006 Carin Levine, Flutes Stefan Blum, Percussion Carin Levine musicaphon M 55715 info@musicaphon.de www.musicaphon.de Valerio Sannicandro Epistolae III for bass flute, percussion and live electronics 16:09 Isabel Mundry Komposition für Flöte und Schlagzeug 7:41 Annette Schlünz „La faulx de l´été“ for flute and percussion 11:01 Laurie Schwartz „The Stories“ for bass flute and &hellip; </p>
<p class="link-more"><a href="https://carinlevine.de/wordpress/145-2/" class="more-link"><span class="screen-reader-text">„Dialogues (2006)“ </span>weiterlesen</a></p>
