{"id":168,"date":"2019-03-25T18:31:07","date_gmt":"2019-03-25T17:31:07","guid":{"rendered":"http:\/\/carinlevine.de\/wordpress\/?page_id=168"},"modified":"2019-03-29T20:48:10","modified_gmt":"2019-03-29T19:48:10","slug":"floeten-ohne-grenzen-1998","status":"publish","type":"page","link":"https:\/\/carinlevine.de\/wordpress\/floeten-ohne-grenzen-1998\/","title":{"rendered":"Fl\u00f6ten ohne Grenzen (1998)"},"content":{"rendered":"<style type=\"text\/css\">\n#foogallery-gallery-312 .fg-image { width: 150px; }\n#foogallery-gallery-312 { --fg-gutter: 10px; }<\/style>\n\t\t\t<div class=\"foogallery foogallery-container foogallery-default foogallery-lightbox-foobox fg-center fg-default fg-ready fg-light fg-border-thin fg-shadow-outline fg-loading-default fg-loaded-fade-in fg-caption-hover fg-hover-fade fg-hover-zoom\" id=\"foogallery-gallery-312\" data-foogallery=\"{&quot;item&quot;:{&quot;showCaptionTitle&quot;:true,&quot;showCaptionDescription&quot;:true},&quot;lazy&quot;:true}\" style=\"--fg-title-line-clamp: 0; --fg-description-line-clamp: 0;\" >\n\t<div class=\"fg-item fg-type-image fg-idle\"><figure class=\"fg-item-inner\"><a href=\"https:\/\/carinlevine.de\/wordpress\/wp-content\/uploads\/2019\/03\/floete_ohne_grenzen.jpg\" data-attachment-id=\"311\" data-type=\"image\" class=\"fg-thumb\"><span class=\"fg-image-wrap\"><img width=\"150\" height=\"150\" class=\"skip-lazy fg-image\" data-src-fg=\"https:\/\/carinlevine.de\/wordpress\/wp-content\/uploads\/cache\/2019\/03\/floete_ohne_grenzen\/3977289820.jpg\" src=\"data:image\/svg+xml,%3Csvg%20xmlns%3D%22http%3A%2F%2Fwww.w3.org%2F2000%2Fsvg%22%20width%3D%22150%22%20height%3D%22150%22%20viewBox%3D%220%200%20150%20150%22%3E%3C%2Fsvg%3E\" loading=\"eager\"><\/span><span class=\"fg-image-overlay\"><\/span><\/a><\/figure><div class=\"fg-loader\"><\/div><\/div><\/div>\n<style type=\"text\/css\">#foogallery-gallery-312 { text-align: left; }<\/style>\n<hr \/>\n<p><strong>Fl\u00f6ten ohne Grenzen<\/strong><br \/>\nFlutes without Borders<br \/>\nFl\u00fbtes sans Fronti\u00e8res<br \/>\nMusicaphon<br \/>\nm 55710<\/p>\n<p><strong>MANIC PSYCHOSIS (1992)<\/strong><br \/>\n&#8211; Motoharu Kawashima (*1973)<\/p>\n<p><strong>DREISAM-NORE (1975)<\/strong><br \/>\n&#8211; Younghi Pagh-Paan (*1945)<\/p>\n<p><strong>TO ASK THE FLUTIST (1966)<\/strong><br \/>\n&#8211; Klaus Huber (*1935)<\/p>\n<p><strong>CASSANDRA`S DREAM SONG<\/strong><br \/>\n&#8211; Brian Ferneyhough (*1945)<\/p>\n<p><strong>ATEM-LIED F\u00dcR BASSFL\u00d6TE SOLO (1977)<\/strong><br \/>\n&#8211; Toshio Hosokawa<\/p>\n<p><strong>CADENZA DA DIMENSIONI III (1963)<\/strong><br \/>\n&#8211; Bruno Maderna (1920-1973)<\/p>\n<p><strong>CARCERI D\u00b4INVENZIONE IIC<\/strong><br \/>\n&#8211; Brian Ferneyhough<br \/>\nf\u00fcr Fl\u00f6te und Zuspielband<\/p>\n<!--[if lt IE 9]><script>document.createElement('audio');<\/script><![endif]-->\n<audio class=\"wp-audio-shortcode\" id=\"audio-168-1\" preload=\"none\" style=\"width: 100%;\" controls=\"controls\"><source type=\"audio\/mpeg\" src=\"http:\/\/carinlevine.de\/wordpress\/wp-content\/uploads\/2019\/03\/inventione.mp3?_=1\" \/><a href=\"http:\/\/carinlevine.de\/wordpress\/wp-content\/uploads\/2019\/03\/inventione.mp3\">http:\/\/carinlevine.de\/wordpress\/wp-content\/uploads\/2019\/03\/inventione.mp3<\/a><\/audio>\n<p><strong>DOLOROSO F\u00dcR ALTFL\u00d6TE SOLO (1992)<\/strong><br \/>\n&#8211; Gy\u00f6rgy Kurt\u00e1g (*1926)<\/p>\n<p><strong>VERMONT COUNTERPOINT<\/strong><br \/>\n&#8211; Steve Reich (*1936)<br \/>\nf\u00fcr Fl\u00f6te und Zuspielband<\/p>\n<audio class=\"wp-audio-shortcode\" id=\"audio-168-2\" preload=\"none\" style=\"width: 100%;\" controls=\"controls\"><source type=\"audio\/mpeg\" src=\"http:\/\/carinlevine.de\/wordpress\/wp-content\/uploads\/2019\/03\/vermont.mp3?_=2\" \/><a href=\"http:\/\/carinlevine.de\/wordpress\/wp-content\/uploads\/2019\/03\/vermont.mp3\">http:\/\/carinlevine.de\/wordpress\/wp-content\/uploads\/2019\/03\/vermont.mp3<\/a><\/audio>\n","protected":false},"excerpt":{"rendered":"<p>Fl\u00f6ten ohne Grenzen Flutes without Borders Fl\u00fbtes sans Fronti\u00e8res Musicaphon m 55710 MANIC PSYCHOSIS (1992) &#8211; Motoharu Kawashima (*1973) DREISAM-NORE (1975) &#8211; Younghi Pagh-Paan (*1945) TO ASK THE FLUTIST (1966) &#8211; Klaus Huber (*1935) CASSANDRA`S DREAM SONG &#8211; Brian Ferneyhough (*1945) ATEM-LIED F\u00dcR BASSFL\u00d6TE SOLO (1977) &#8211; Toshio Hosokawa CADENZA DA DIMENSIONI III (1963) &#8211; &hellip; <\/p>\n<p class=\"link-more\"><a href=\"https:\/\/carinlevine.de\/wordpress\/floeten-ohne-grenzen-1998\/\" class=\"more-link\"><span class=\"screen-reader-text\">\u201eFl\u00f6ten ohne Grenzen (1998)\u201c <\/span>weiterlesen<\/a><\/p>\n","protected":false},"author":1,"featured_media":0,"parent":0,"menu_order":0,"comment_status":"closed","ping_status":"closed","template":"","meta":[],"_links":{"self":[{"href":"https:\/\/carinlevine.de\/wordpress\/wp-json\/wp\/v2\/pages\/168"}],"collection":[{"href":"https:\/\/carinlevine.de\/wordpress\/wp-json\/wp\/v2\/pages"}],"about":[{"href":"https:\/\/carinlevine.de\/wordpress\/wp-json\/wp\/v2\/types\/page"}],"author":[{"embeddable":true,"href":"https:\/\/carinlevine.de\/wordpress\/wp-json\/wp\/v2\/users\/1"}],"replies":[{"embeddable":true,"href":"https:\/\/carinlevine.de\/wordpress\/wp-json\/wp\/v2\/comments?post=168"}],"version-history":[{"count":3,"href":"https:\/\/carinlevine.de\/wordpress\/wp-json\/wp\/v2\/pages\/168\/revisions"}],"predecessor-version":[{"id":313,"href":"https:\/\/carinlevine.de\/wordpress\/wp-json\/wp\/v2\/pages\/168\/revisions\/313"}],"wp:attachment":[{"href":"https:\/\/carinlevine.de\/wordpress\/wp-json\/wp\/v2\/media?parent=168"}],"curies":[{"name":"wp","href":"https:\/\/api.w.org\/{rel}","templated":true}]}}