{"id":172,"date":"2019-03-25T18:37:01","date_gmt":"2019-03-25T17:37:01","guid":{"rendered":"http:\/\/carinlevine.de\/wordpress\/?page_id=172"},"modified":"2019-04-09T20:52:15","modified_gmt":"2019-04-09T18:52:15","slug":"the-flute-experience-1999","status":"publish","type":"page","link":"https:\/\/carinlevine.de\/wordpress\/the-flute-experience-1999\/","title":{"rendered":"The Flute Experience (1999)"},"content":{"rendered":"<style type=\"text\/css\">\n#foogallery-gallery-302 .fg-image { width: 150px; }\n#foogallery-gallery-302 { --fg-gutter: 10px; }<\/style>\n\t\t\t<div class=\"foogallery foogallery-container foogallery-default foogallery-lightbox-foobox fg-center fg-default fg-ready fg-light fg-border-thin fg-shadow-outline fg-loading-default fg-loaded-fade-in fg-caption-hover fg-hover-fade fg-hover-zoom\" id=\"foogallery-gallery-302\" data-foogallery=\"{&quot;item&quot;:{&quot;showCaptionTitle&quot;:true,&quot;showCaptionDescription&quot;:true},&quot;lazy&quot;:true}\" style=\"--fg-title-line-clamp: 0; --fg-description-line-clamp: 0;\" >\n\t<div class=\"fg-item fg-type-image fg-idle\"><figure class=\"fg-item-inner\"><a href=\"https:\/\/carinlevine.de\/wordpress\/wp-content\/uploads\/2019\/03\/the-flute-experiance.jpg\" data-attachment-id=\"176\" data-type=\"image\" class=\"fg-thumb\"><span class=\"fg-image-wrap\"><img width=\"150\" height=\"150\" class=\"skip-lazy fg-image\" data-src-fg=\"https:\/\/carinlevine.de\/wordpress\/wp-content\/uploads\/cache\/2019\/03\/the-flute-experiance\/2468884355.jpg\" src=\"data:image\/svg+xml,%3Csvg%20xmlns%3D%22http%3A%2F%2Fwww.w3.org%2F2000%2Fsvg%22%20width%3D%22150%22%20height%3D%22150%22%20viewBox%3D%220%200%20150%20150%22%3E%3C%2Fsvg%3E\" loading=\"eager\"><\/span><span class=\"fg-image-overlay\"><\/span><\/a><\/figure><div class=\"fg-loader\"><\/div><\/div><\/div>\n<style type=\"text\/css\">#foogallery-gallery-302 { text-align: left; }<\/style>\n<hr \/>\n<p>The Flute Experience<br \/>\nMusicaphon<br \/>\nm 55 712<\/p>\n<p><strong>THE TIDES (1991)<\/strong><br \/>\nfor Bass Flute and Electronics<br \/>\n&#8211; Laurie Schwartz (*1953)<\/p>\n<!--[if lt IE 9]><script>document.createElement('audio');<\/script><![endif]-->\n<audio class=\"wp-audio-shortcode\" id=\"audio-172-1\" preload=\"none\" style=\"width: 100%;\" controls=\"controls\"><source type=\"audio\/mpeg\" src=\"http:\/\/carinlevine.de\/wordpress\/wp-content\/uploads\/2019\/04\/01_Schwartz_The_Tides_1991.mp3?_=1\" \/><a href=\"http:\/\/carinlevine.de\/wordpress\/wp-content\/uploads\/2019\/04\/01_Schwartz_The_Tides_1991.mp3\">http:\/\/carinlevine.de\/wordpress\/wp-content\/uploads\/2019\/04\/01_Schwartz_The_Tides_1991.mp3<\/a><\/audio>\n<p><strong>SLEEPLESSNESS (1988\/97)<\/strong><br \/>\nf\u00fcr Piccolo- , Alt- , und Kontrabass-Fl\u00f6te, obligate Stimme und Live-Elektronik<br \/>\n&#8211; Georg Hajdu (*1960)<\/p>\n<p><strong>LANGUIDO (1992\/93)<\/strong><br \/>\nf\u00fcr Bassfl\u00f6te und Live-Elektronik<br \/>\n&#8211; Dieter Schnebel<\/p>\n<p><strong>TREES AND PIPES (1998)<\/strong><br \/>\nf\u00fcr Fl\u00f6te\/Bassfl\u00f6te, Holzbrett, Basspumpe und R\u00fcckkopplungen<br \/>\n&#8211; Georg B\u00f6nn (*1965)<\/p>\n<p><strong>A FIFTH CIRCLE (1994)<\/strong><br \/>\nFor Alto Flute and Delay<br \/>\n&#8211; Hanna Kulenty (*1961)<\/p>\n<audio class=\"wp-audio-shortcode\" id=\"audio-172-2\" preload=\"none\" style=\"width: 100%;\" controls=\"controls\"><source type=\"audio\/mpeg\" src=\"http:\/\/carinlevine.de\/wordpress\/wp-content\/uploads\/2019\/04\/19_Kulenty_A_Fifth_Circle_1994.mp3?_=2\" \/><a href=\"http:\/\/carinlevine.de\/wordpress\/wp-content\/uploads\/2019\/04\/19_Kulenty_A_Fifth_Circle_1994.mp3\">http:\/\/carinlevine.de\/wordpress\/wp-content\/uploads\/2019\/04\/19_Kulenty_A_Fifth_Circle_1994.mp3<\/a><\/audio>\n<p>Carin Levine, Fl\u00f6ten und Stimme (Sleeplessness,Languido)<br \/>\nGeorg Hajdu, Elektronik (Sleeplessness,Languido)<br \/>\nDieter Schnebel, Sampler und Stimme (Languido)<br \/>\nGeorg B\u00f6nn, Elektronik (Trees and Pipes)<br \/>\nFrauke Schulz, variables Delay (a fifth circle)<\/p>\n","protected":false},"excerpt":{"rendered":"<p>The Flute Experience Musicaphon m 55 712 THE TIDES (1991) for Bass Flute and Electronics &#8211; Laurie Schwartz (*1953) SLEEPLESSNESS (1988\/97) f\u00fcr Piccolo- , Alt- , und Kontrabass-Fl\u00f6te, obligate Stimme und Live-Elektronik &#8211; Georg Hajdu (*1960) LANGUIDO (1992\/93) f\u00fcr Bassfl\u00f6te und Live-Elektronik &#8211; Dieter Schnebel TREES AND PIPES (1998) f\u00fcr Fl\u00f6te\/Bassfl\u00f6te, Holzbrett, Basspumpe und R\u00fcckkopplungen &hellip; <\/p>\n<p class=\"link-more\"><a href=\"https:\/\/carinlevine.de\/wordpress\/the-flute-experience-1999\/\" class=\"more-link\"><span class=\"screen-reader-text\">\u201eThe Flute Experience (1999)\u201c <\/span>weiterlesen<\/a><\/p>\n","protected":false},"author":1,"featured_media":0,"parent":0,"menu_order":0,"comment_status":"closed","ping_status":"closed","template":"","meta":[],"_links":{"self":[{"href":"https:\/\/carinlevine.de\/wordpress\/wp-json\/wp\/v2\/pages\/172"}],"collection":[{"href":"https:\/\/carinlevine.de\/wordpress\/wp-json\/wp\/v2\/pages"}],"about":[{"href":"https:\/\/carinlevine.de\/wordpress\/wp-json\/wp\/v2\/types\/page"}],"author":[{"embeddable":true,"href":"https:\/\/carinlevine.de\/wordpress\/wp-json\/wp\/v2\/users\/1"}],"replies":[{"embeddable":true,"href":"https:\/\/carinlevine.de\/wordpress\/wp-json\/wp\/v2\/comments?post=172"}],"version-history":[{"count":4,"href":"https:\/\/carinlevine.de\/wordpress\/wp-json\/wp\/v2\/pages\/172\/revisions"}],"predecessor-version":[{"id":374,"href":"https:\/\/carinlevine.de\/wordpress\/wp-json\/wp\/v2\/pages\/172\/revisions\/374"}],"wp:attachment":[{"href":"https:\/\/carinlevine.de\/wordpress\/wp-json\/wp\/v2\/media?parent=172"}],"curies":[{"name":"wp","href":"https:\/\/api.w.org\/{rel}","templated":true}]}}