{"id":306,"date":"2019-03-29T20:44:07","date_gmt":"2019-03-29T19:44:07","guid":{"rendered":"http:\/\/carinlevine.de\/wordpress\/?page_id=306"},"modified":"2019-04-10T22:45:39","modified_gmt":"2019-04-10T20:45:39","slug":"die-spieltechnik-der-floete","status":"publish","type":"page","link":"https:\/\/carinlevine.de\/wordpress\/die-spieltechnik-der-floete\/","title":{"rendered":"The Techniques of Flute playing"},"content":{"rendered":"<p><img decoding=\"async\" loading=\"lazy\" class=\"alignright size-medium wp-image-307\" src=\"http:\/\/carinlevine.de\/wordpress\/wp-content\/uploads\/2019\/03\/Bvk1595c-218x300.jpg\" alt=\"\" width=\"218\" height=\"300\" srcset=\"https:\/\/carinlevine.de\/wordpress\/wp-content\/uploads\/2019\/03\/Bvk1595c-218x300.jpg 218w, https:\/\/carinlevine.de\/wordpress\/wp-content\/uploads\/2019\/03\/Bvk1595c.jpg 591w\" sizes=\"(max-width: 218px) 100vw, 218px\" \/><\/p>\n<p>Baerenreiter Verlag<br \/>\nISBN 978-3-7618-1595-3<\/p>\n<p>A considerable amount of instrumental solo music written since 1930 has been dedicaten to the flute. The main reason for this is the flute\u2019s versatility in creating a wide array of sounds, allowing for a sophisticated extension of traditional methods of performance. As a result of the constructive and experimental coorperation between performers and composers- new performance techniques and notational forms habe been developed. The flute has rapidly emancipated itself to become a multi-sound instrument, resulting in new challenges for interpreters, composers and teachers. It is thus the goal of this book to serve as a practice-oriented handbook , in particular, for students, teachers, and composers.<\/p>\n<p>Ein gro\u00dfer Anteil der instrumentalen Sololiteratur nach 1930 ist f\u00fcr die Querfl\u00f6te geschrieben worden. Grund daf\u00fcr sind die vielf\u00e4ltigen klanglichen M\u00f6glichkeiten der Fl\u00f6te, die eine differenzierte Erweiterung der herk\u00f6mmlichen Spielweise erlauben. In zahlreichen konstruktiven und experimentierfreudigen Kooperationen von Instrumentalisten und Komponisten wurden neue Spieltechniken und Notationsformen entwickelt; die Fl\u00f6te emanzipierte sich so zusehends zum multiplen Klanginstrument.<\/p>\n<p><img decoding=\"async\" loading=\"lazy\" class=\"alignright size-medium wp-image-334\" src=\"http:\/\/carinlevine.de\/wordpress\/wp-content\/uploads\/2019\/03\/Bvk_1595_U4-217x300.jpg\" alt=\"\" width=\"217\" height=\"300\" srcset=\"https:\/\/carinlevine.de\/wordpress\/wp-content\/uploads\/2019\/03\/Bvk_1595_U4-217x300.jpg 217w, https:\/\/carinlevine.de\/wordpress\/wp-content\/uploads\/2019\/03\/Bvk_1595_U4.jpg 600w\" sizes=\"(max-width: 217px) 100vw, 217px\" \/><\/p>\n","protected":false},"excerpt":{"rendered":"<p>Baerenreiter Verlag ISBN 978-3-7618-1595-3 A considerable amount of instrumental solo music written since 1930 has been dedicaten to the flute. The main reason for this is the flute\u2019s versatility in creating a wide array of sounds, allowing for a sophisticated extension of traditional methods of performance. As a result of the constructive and experimental coorperation &hellip; <\/p>\n<p class=\"link-more\"><a href=\"https:\/\/carinlevine.de\/wordpress\/die-spieltechnik-der-floete\/\" class=\"more-link\"><span class=\"screen-reader-text\">\u201eThe Techniques of Flute playing\u201c <\/span>weiterlesen<\/a><\/p>\n","protected":false},"author":1,"featured_media":0,"parent":0,"menu_order":0,"comment_status":"closed","ping_status":"closed","template":"","meta":[],"_links":{"self":[{"href":"https:\/\/carinlevine.de\/wordpress\/wp-json\/wp\/v2\/pages\/306"}],"collection":[{"href":"https:\/\/carinlevine.de\/wordpress\/wp-json\/wp\/v2\/pages"}],"about":[{"href":"https:\/\/carinlevine.de\/wordpress\/wp-json\/wp\/v2\/types\/page"}],"author":[{"embeddable":true,"href":"https:\/\/carinlevine.de\/wordpress\/wp-json\/wp\/v2\/users\/1"}],"replies":[{"embeddable":true,"href":"https:\/\/carinlevine.de\/wordpress\/wp-json\/wp\/v2\/comments?post=306"}],"version-history":[{"count":11,"href":"https:\/\/carinlevine.de\/wordpress\/wp-json\/wp\/v2\/pages\/306\/revisions"}],"predecessor-version":[{"id":395,"href":"https:\/\/carinlevine.de\/wordpress\/wp-json\/wp\/v2\/pages\/306\/revisions\/395"}],"wp:attachment":[{"href":"https:\/\/carinlevine.de\/wordpress\/wp-json\/wp\/v2\/media?parent=306"}],"curies":[{"name":"wp","href":"https:\/\/api.w.org\/{rel}","templated":true}]}}